3770 = -2*m, 0 = 5*m + c - 3*c - 84449. Suppose 0 = -39*v + 19496 + m. List the prime factors of v.
3, 311
Suppose -259*o = -267*o. Suppose o = p + 4*j - 1643, 2*j = -5*p - 3208 + 11351. What are the prime factors of p?
1627
Suppose -36*h - 58*h + 1290766 = 227062. List the prime factors of h.
2, 3, 23, 41
Suppose -6*j + 1660 = -320. Let d be -4*(10/3)/((-40)/j). Suppose 3*p - d = 277. What are the prime factors of p?
3, 43
Let p(w) = -2*w**3 + 10*w**2 + 16*w - 12. Let x be p(6). Suppose 0*a - 2*a = -y - 1437, -4*y - x = 0. List the prime factors of a.
3, 239
What are the prime factors of ((-3)/4)/(62/(-4504672))?
2, 3, 19, 239
Suppose n - 95 = -5*t, t = n - 0*n + 13. Suppose 0 = t*x - 17*x - 2003. What are the prime factors of x?
2003
Suppose -3*q + 267 = h, 5*q = -5*h + 239 + 196. Suppose q*c = 95*c - 2790. List the prime factors of c.
2, 3, 31
List the prime factors of -19 + 1730/90 + 120139/9.
7, 1907
Let i(f) = 4*f + 135. Let b be i(11). Let m = 101 + b. List the prime factors of m.
2, 5, 7
Let h be ((-129)/(-15) + 6/(-2))*5. Let b be -2 + 1 - (h/(-7) - 37). List the prime factors of (-3*(-3)/(-6))/((-3)/b).
2, 5
Suppose -5*w = 4*o - 11 - 6, 19 = 4*w + 5*o. List the prime factors of ((-912)/(-40))/(w/20).
2, 3, 19
Let c(j) = 3*j**2 + 4*j. Let z be c(4). Let w(g) = g**3 + 6*g**2 + 6*g + 1. Let f be w(-6). Let s = z + f. What are the prime factors of s?
29
Let g(r) = 387*r + 892. List the prime factors of g(6).
2, 1607
Let k = -645 - 1576. Let q = -1160 - k. List the prime factors of q.
1061
Let i(m) = -2*m**3 - 102*m**2 - 226*m + 329. List the prime factors of i(-53).
13, 1811
Let g be 4/(-6) - 14/6. Suppose 34 = -n - 4*z, 703*z = -3*n + 702*z - 58. What are the prime factors of n/((1 + 0)/(g/3))?
2, 3
Let d = 51927 - 29182. What are the prime factors of d?
5, 4549
Suppose 3*s + 15 = 3. What are the prime factors of (34/s - -1)/((-7)/126)?
3, 5
Let w be 3*(-8)/54 - 2650/(-9). Let v = w - 184. What are the prime factors of v?
2, 5, 11
Let y(l) = 3*l**3 - 2*l**2 + l + 3. Let d be y(-1). Let o be ((-4)/d)/((-5)/(-30)*-4). What are the prime factors of (o/(-4) - -1) + (-213)/(-2)?
2, 3
Suppose -28*r + 1312 = -1388468. List the prime factors of r.
3, 5, 1103
Suppose 0 = -4*y + 3*x + 21684, 3*x + 1227 = y - 4194. What are the prime factors of y?
3, 13, 139
Suppose -5*l + 25 = 0, 0 = 3*g - 0*l - 3*l - 2730. Let s = g - 423. List the prime factors of s.
2, 3, 41
Let y = -103 + 105. Suppose -t = y*t - 10*t. Suppose 5*x - 4*g + 0*g - 715 = t, 0 = 5*x - g - 715. List the prime factors of x.
11, 13
Suppose 0 = -a, 3*w - 9021 = -5*a + 6*a + 2*a. List the prime factors of w.
31, 97
Let x = -42 - -60. Let n(c) = -4 + 8 - 11*c + 22*c - x*c. What are the prime factors of n(-1)?
11
Let z(u) = 12*u + 912. Suppose 9*g = 11*g. List the prime factors of z(g).
2, 3, 19
Let i be 0/(1 + 1) + (10 - -34). Let u = 25 + i. Suppose -44 + u = s. List the prime factors of s.
5
List the prime factors of 11 - (-1456*67)/14.
7, 997
Suppose 0 = 5*z - 3*a - 14309, z - 1728 - 1126 = -2*a. Suppose -2*y - 2*g + 1549 = 119, 4*y - z = 2*g. What are the prime factors of y?
5, 11, 13
What are the prime factors of 47/94 - (-77826)/4?
19457
Let m be 9/(-3)*(-10)/15. What are the prime factors of 14/(-2) - (-2504)/m?
3, 5, 83
Let t(g) = g**2 + 13*g + 29. Let z be t(-11). Let f(y) be the second derivative of y**4/4 - 5*y**3/2 + 4*y**2 - y. What are the prime factors of f(z)?
2, 5
List the prime factors of (-11 - (1 - 5))*(3 + -2) - -10863.
2, 23, 59
Let o be 10/(-2)*((-7443)/45 - 1). Let p = o - 278. List the prime factors of p.
2, 277
Let v(u) = 2*u**2 - 15*u - 9. Let a be v(19). Let p = 225 + a. What are the prime factors of p?
653
Let x(s) be the third derivative of s**5/30 + 7*s**4/6 + s**3 + 2*s**2 - 45. List the prime factors of x(-19).
2, 7
Suppose -3*q = -13*q + 8450. Suppose -w = d - 160, 15*d - q = 10*d + 4*w. List the prime factors of d.
3, 5, 11
Let z(w) = -16*w + 8. Let q(h) = h - 1. Let m(c) = 3*q(c) + z(c). Let r(d) = -1. Let x(t) = -m(t) + r(t). What are the prime factors of x(3)?
3, 11
Suppose 28*q - 12248 = 20*q. Let u = -156 + q. List the prime factors of u.
5, 11
Suppose -6*x + 19 = -251. Let t be 15/x - 10/(-6). Suppose 0 = -2*c - t*g + 92, -5*c - 2*g - 2*g + 231 = 0. What are the prime factors of c?
47
Let n(m) = 3*m**3 - 20*m**2 + 27*m - 120. What are the prime factors of n(13)?
2, 1721
Suppose 3 + 35 = n + 2*p, 0 = -2*n + 3*p + 90. List the prime factors of n*15*(-1)/(-7 + 5).
3, 5, 7
Let r(o) = 0 + 4 + 4*o**3 - 3*o**2 - 2 + 0*o**2 + 3*o. Suppose 3*w - w - 6 = 0. List the prime factors of r(w).
2, 23
Let p(l) = 22*l**2 + 36*l + 147. What are the prime factors of p(-21)?
3, 7, 433
Let t = -398 + 402. Suppose t*m - 460 = -2*k - 0*k, 3*m - 460 = -2*k. What are the prime factors of k?
2, 5, 23
Let z(c) = 3*c**2 - 139*c - 3227. List the prime factors of z(-26).
3, 5, 7, 23
Let v = -33 + 35. Let w(l) = 24*l - 5 + 0 - v. List the prime factors of w(5).
113
Let q be 20/(-15)*15/(-10). Suppose -3*u = 4*t - 5*u + 42, -2*t - 23 = -3*u. List the prime factors of (t/(-4))/((-1)/q)*-1.
5
Let b be ((-2052)/399)/((-3)/406). Suppose -4*z + 4*w = w - 2807, -5*w + b = z. List the prime factors of z.
701
Let j(a) = -a**3 - 3*a**2 + 7*a + 13. Let c(z) = -z**3 + 14*z**2 - 13*z + 13. Let q be c(13). Let f be 2/(q/(-3) - -4). What are the prime factors of j(f)?
79
Let d = -8314 - -11813. What are the prime factors of d?
3499
What are the prime factors of (-4 + (-4098)/(-21))*266?
2, 3, 19, 223
Let q be 424 + 0/(1 + 2). Let s be (-2097)/(-4 - 5) - -14. Let h = q - s. List the prime factors of h.
3, 59
Suppose 0 = 34*b - 31*b. Suppose -2*i - 4*r + 122 = 0, b = -5*i - 4*r + 21 + 308. Suppose 4*z + i = 7*z. List the prime factors of z.
23
Suppose s - 82 = -s + 4*f, 4*s = -3*f + 131. Suppose -39*l + s*l - 28 = 0. Let x(i) = -20*i - 21. What are the prime factors of x(l)?
7, 17
Let j(x) = x**3 + x**2 - 2*x + 2. Let m = -142 + 140. List the prime factors of j(m).
2
Let r be 27 + -1 + (-4 - 0). Suppose -k - 6 = -r. Suppose 13*a + 51 = k*a. What are the prime factors of a?
17
Let n(l) = 346*l - 264. List the prime factors of n(33).
2, 3, 11, 13
Suppose -82*d + 91*d = 126. Suppose -4863 = -d*h - 873. What are the prime factors of h?
3, 5, 19
Suppose 44*j + 9*j - 5393700 = -37*j. What are the prime factors of j?
2, 5, 13, 461
Suppose -37*s + 52*s - 16425 = 0. Suppose 155 = -5*p + s. What are the prime factors of p?
2, 47
What are the prime factors of (2/3)/((-4)/(-11) - (-7361992)/(-20248140))?
5, 2789
Suppose -11*d = -6*d - 85. Suppose 2*r + 45 = d*r. Suppose -2*n + 17 = -r. List the prime factors of n.
2, 5
Let c(g) = -g**2 + 481*g - 279. List the prime factors of c(167).
43, 1213
List the prime factors of (-1)/(((-40)/5)/44568).
3, 619
Let c = -13355 - -43890. List the prime factors of c.
5, 31, 197
List the prime factors of (-370)/(-80) - 5 - (-334881)/24.
3, 4651
Let m = -112 - -120. Suppose m*c - 13*c = 20, 0 = -z - 5*c + 1123. List the prime factors of z.
3, 127
Let y(r) = -r**2 + 12*r + 488. Let n = 20 - 20. What are the prime factors of y(n)?
2, 61
Suppose 5*h = 2*t + 224, -5*h = -0*h - t - 222. Let a = 46 - h. Suppose a*z = 0, 5*d + z = -4*z + 720. What are the prime factors of d?
2, 3
Let o(d) be the first derivative of 7*d**2/2 - 14*d - 16. Let g be o(2). Suppose -2*w + 533 = 4*k + 3*w, g = -3*k - 3*w + 402. List the prime factors of k.
137
Let o = 1044 - -2225. List the prime factors of o.
7, 467
Let h be ((-2)/(-2))/((-15)/(-45)). Suppose -3*z = 2*l - 756, l = 4*z - h*l - 1008. What are the prime factors of z?
2, 3, 7
Let i(l) = 11*l**2 + 91*l + 2311. List the prime factors of i(-34).
11933
Let t(a) = -a**3 - a**2 + 562. Let y = -100 + 100. What are the prime factors of t(y)?
2, 281
Suppose 0*u - 5*u = 2*i - 18751, -4*i + 37532 = 4*u. What are the prime factors of i?
2, 2347
Suppose -30*u + 28*u - 4 = 0. Let w(v) = v**3 + v**2 + 2*v + 1. Let y be w(u). What are the prime factors of (259/35 + y)/(2/340)?
2, 17
Suppose 47814 = 3*i + c, -27*c - 47820 = -3*i - 26*c. List the prime factors of i.
3, 7, 11, 23
Let z(s) = -134*s + 77. Let k be z(9). Let v = k - -2250. List the prime factors of v.
19, 59
Suppose -1685*l + 1649*l + 1090908 = 0. What are the prime factors of l?
3, 7, 13, 3